5*a = 4*g + 57, r = -2*a - 4*g + 162. What are the prime factors of a?
73
List the prime factors of (933/6 + 17)*(-190)/(-3).
5, 19, 23
Suppose 143 = -3*y + 2*p, -3*p + 7*p + 29 = -y. Let s be 29/9 + ((-215)/y - 5). Suppose -o = s*b + 4*o - 265, 0 = 4*o - 20. List the prime factors of b.
2, 5
Let j = -13 + 15. Suppose -1173 = -3*a + j*d + 283, -5*a + 2435 = -5*d. List the prime factors of a.
2, 241
Let s = 52784 - 10985. List the prime factors of s.
3, 13933
Suppose 4*i - 28976 = -4*j, 2*i - 7*j + 5*j = 14500. What are the prime factors of i?
7247
Suppose -q + 4 = -4*i, -2*i - 16 = -4*q - 0*i. Suppose q*t + 5 = -7. What are the prime factors of t - 60/(-5)*5?
3, 19
Let k = 39 - -11. Let o = k + -40. Let w(s) = -s**2 + 19*s - 14. What are the prime factors of w(o)?
2, 19
List the prime factors of -1 + 4 + ((-9320184)/(-36))/19.
3, 7, 11, 59
Suppose -3*w + 2229 + 6636 = 0. List the prime factors of w.
3, 5, 197
Suppose 2*j = 0, -2*m = -4*j + 3*j + 4. What are the prime factors of 3 + m/((-4)/110)?
2, 29
Let j = 106830 - 23115. What are the prime factors of j?
3, 5, 5581
Suppose 3*m = -3*v + 15, -5*m + 12 = v + 3. Let a(w) = 20*w**2 - 6*w - 10. List the prime factors of a(v).
2, 11, 13
Let y = 38808 + -11879. What are the prime factors of y?
7, 3847
Suppose 56*u - 127681 + 70461 - 178316 = 0. List the prime factors of u.
2, 3, 701
Suppose 0 = 12*k + 20*k + 320. List the prime factors of (-6002)/k + (6 - 130/25).
601
Let u be 4/((-7)/((-35)/10)). Suppose 2*c - u*o - 24 + 0 = 0, -3*c = -o - 42. Suppose 0 = -2*n - 1 + c. What are the prime factors of n?
7
Let s = -25 + 28. Let r(c) = -c + 103. Let q be r(29). Suppose 4*o - q = -n + 13, s*n + 4*o - 285 = 0. List the prime factors of n.
3, 11
Suppose -4*w - 71356 = -2*l, 50*w = -4*l + 49*w + 142703. What are the prime factors of l?
2, 3, 991
Let z(b) = -4*b + 4. Let d(w) = 2*w**2 - 19*w + 2. Let m be d(9). Let k be z(m). Let n = k + 17. What are the prime factors of n?
7
Suppose 3*r = -c + 14, 50 = 5*r + 10*c - 15*c. Let g(k) = 6*k**2 - 9*k + 9. What are the prime factors of g(r)?
3, 19
Suppose 0 = 5*d - 4*d + 5, 671 = -2*u - 3*d. Let w = -191 - u. Let v = w - -61. List the prime factors of v.
2, 3, 11
Let a = 34463 - 22336. What are the prime factors of a?
67, 181
Let v be (3135/(-10))/3*(11 + -13). Let t = 0 - -3. Suppose v = t*n - 103. What are the prime factors of n?
2, 13
Let j = 145 - -591. Let l = j - 505. List the prime factors of l.
3, 7, 11
List the prime factors of (-10890)/(-27) - ((-30)/(-375) - 282/(-225)).
2, 3, 67
Suppose -32 = -p - 27. Suppose -f + 4*r + 85 = 10, -5*f + p*r = -315. Suppose -f*c = -58*c - 300. What are the prime factors of c?
2, 3, 5
Let g(h) = 6*h**2 + 5*h - 5. Let y(m) = m**3 - 2*m**2 - m - 3. Let r(a) = a**2 + 11*a + 21. Let z be r(-9). Let b be y(z). What are the prime factors of g(b)?
2
Let b = -220 + -59. Let c = -96 - b. What are the prime factors of c?
3, 61
Suppose -58374 = -28*w - 18*w. What are the prime factors of w?
3, 47
Suppose -3*w + 4*y = 7, -3*y = 3*w - 8*y + 11. Suppose 3*h = -c + 50, 3*c = -w*h + 8*c + 38. Suppose h*i - 20*i + 484 = 0. List the prime factors of i.
11
Suppose 1787*i = 1782*i + 3010. List the prime factors of i.
2, 7, 43
Suppose 64*f - 119*f = 157*f - 8754328. What are the prime factors of f?
2, 11, 1877
Let q be ((-2 - -5)/(-3))/((-2)/4). Suppose 5*b - 559 + 220 = -q*u, -3*b + 199 = -u. Let s = b - -14. List the prime factors of s.
3
Suppose -5*s + 2*j + 15 = 0, -2*s - 5*j = -4 - 2. Suppose -o - 7 = s*y, 4*o - 11 = 3*y - 2*y. Suppose 0 = -3*f - o*f + 130. List the prime factors of f.
2, 13
Let l = 1 - -3. Suppose -5*n + 269 = -4*k, 3*n = -0*n - l*k + 187. Suppose 0 = 4*t - n - 267. What are the prime factors of t?
3
What are the prime factors of ((-32)/10 - -3) + ((-494880)/(-25) - 6)?
7, 11, 257
Let z(l) = -670*l + 1683. List the prime factors of z(-45).
3, 131
Let v be (-1 - 3 - -3)/(1/(-5)). Suppose -4*z - 2*x = 10, v*z + x + 14 = -3*x. List the prime factors of (z/(-10) - 1)/(4/(-170)).
2, 17
Suppose 1414754 = 124*h + 19258. List the prime factors of h.
2, 17, 331
Let w be 0 + 2*(-69)/(-2). Let p(b) = -148*b - 3461. Let f be p(-23). Let l = w + f. List the prime factors of l.
2, 3
Let o be (-2)/10 + (-53840)/(-200). Suppose 2*r = -g - 0*g + o, 1321 = 5*g + 4*r. What are the prime factors of g?
3, 29
Let h(k) be the second derivative of -k**4/12 + 59*k**3/6 - 13*k**2/2 - 11*k + 2. List the prime factors of h(41).
5, 29
Let j = 1321 - 769. Suppose 0 = -2*p + f + 262, -4*p - 15*f + j = -10*f. What are the prime factors of p?
7, 19
What are the prime factors of (8187/(-5))/((-23)/115)?
3, 2729
Let k(j) = 84*j**3 - 65*j**2 + 15*j - 51. List the prime factors of k(7).
61, 421
Let n = 40978 - 19631. What are the prime factors of n?
21347
Let v be ((-19)/(-2))/((-2)/20). Let d be 1/(-5*1/v). Let c = -9 + d. What are the prime factors of c?
2, 5
List the prime factors of 18/(-21) + (109039527/161)/27.
3, 929
Let s be (4/(-8))/(((-21)/30)/7). Suppose s*t - 476 - 284 = 0. Suppose -4*u - l + 243 + 51 = 0, 2*l + t = 2*u. What are the prime factors of u?
2, 37
Suppose 0 = -3*c + w + 2*w + 2871, 5*w + 2877 = 3*c. Let x = -650 + c. What are the prime factors of x?
2, 19
Suppose 77*c - 65*c - 89340 = 0. What are the prime factors of c?
5, 1489
Let k(p) = 2*p**3 - 27*p**2 + 22*p + 32. What are the prime factors of k(25)?
14957
Suppose 5*v - 23004 + 16146 = 42252. List the prime factors of v.
2, 3, 1637
Suppose -16*a + 222 = -50. Suppose 4*p = 4, a*k = 20*k + 4*p - 22. What are the prime factors of k?
2, 3
List the prime factors of 5*(7106 + 11 + 0).
5, 11, 647
Let p = 153 + -228. Let j = 137 - p. Suppose 3*m = 5*u - 267, 0*u + 2*m = 4*u - j. List the prime factors of u.
3, 17
Let u be (132/20)/(276/240 + -1). Suppose -2*m = -0*r - 3*r - 10, 5*r = -5*m + 25. Suppose r = -q + u + 13. What are the prime factors of q?
3, 19
Let y(x) = -396*x - 253. What are the prime factors of y(-14)?
11, 13, 37
Let u(y) = 5*y**3 - 2*y**2 + 5*y - 3. Let n(m) = m**3 + m - 1. Let z = -73 + 76. Let o(g) = z*n(g) - u(g). List the prime factors of o(-4).
2, 3, 7
Suppose 2*d = 11*v - 13*v - 8, -d + 12 = -3*v. Suppose -7*l + 98 + 245 = d. What are the prime factors of l?
7
Let z(f) = 483*f + 76. What are the prime factors of z(17)?
8287
Suppose -5*t + 3*u + 1134 - 434 = 0, 3*u = -4*t + 587. Let f = 15 - 13. Suppose -4*p + 5*c = -0*p - 160, -t = -3*p - f*c. What are the prime factors of p?
3, 5
Suppose 0 = 30*p - 904 - 6776. Suppose 0*k + p = k. List the prime factors of k.
2
Suppose -610 = -11*m + 62660 - 5828. List the prime factors of m.
2, 7, 373
Suppose -3*x = -j - 1373 - 1810, 30 = -5*j. List the prime factors of x.
3, 353
Let a = 105 + -130. List the prime factors of 101 + 5/(a/20).
97
Let j = -29 - -30. Let v(u) = -74*u + 3*u**2 + 84*u + u**2 - 5*u**2 - j. What are the prime factors of v(7)?
2, 5
Let c(y) = 31*y + 29. Let a be c(5). Suppose -3*n + 5*l + 2654 = 0, -4*n = -l - a - 3383. What are the prime factors of n?
19, 47
Let m = -1379 - -8661. What are the prime factors of m?
2, 11, 331
Suppose 810 = -v + 4*v. Let x = -45 - -68. Suppose -4*k - 3*n + v = x, 0 = -k + n + 53. List the prime factors of k.
2, 29
Let t(q) = -q**3 + 7*q**2 + 8*q - 3. Let a be t(7). Let m = -58 + a. List the prime factors of 147 - 4 - (5 + m).
11, 13
Suppose 2*x = -s + 319, 2*s = 5*x - 1252 + 441. Let h be -1 + -3 - (-3 - x). Suppose 14*w + h = 16*w. What are the prime factors of w?
2, 5
Let b(g) = 72*g**2 + 958*g + 14. What are the prime factors of b(-26)?
2, 3, 1321
Let a be 3/9*0 + (4 - -13). Let b = -5 + a. Suppose -b = 3*z, j - 3*z + 7*z = 39. What are the prime factors of j?
5, 11
Let m = -976 - -994. Suppose -m*j = -j - 13430. What are the prime factors of j?
2, 5, 79
Suppose 0 = -5*z + 5*x + 3200, 3*z + 4*x = 3*x + 1904. Suppose 2*o - 3*w - 523 = 0, 4*w + 400 = 4*o - z. List the prime factors of o.
2, 127
Let i = -123 - -341. List the prime factors of i.
2, 109
Let i be (6 + -4 - -7) + (-9)/3. List the prime factors of 47/1 + -6*4/i.
43
Let n = -65 + 110. Suppose -n*v + 41*v = -644. What are the prime factors of v?
7, 23
Suppose 12 = 3*j - 5*g - 33, -3*g - 49 = -4*j. Let k(b) = 5*b**2 - 2*b - 13. Let i be k(j). Suppose 3*o - i + 143 = 0. List the prime factors of o.
2, 3
Let 